{"id":70,"date":"2016-08-26T20:34:41","date_gmt":"2016-08-26T18:34:41","guid":{"rendered":"https:\/\/weprint3.de\/?page_id=70"},"modified":"2020-05-28T14:46:50","modified_gmt":"2020-05-28T12:46:50","slug":"kleinserien","status":"publish","type":"page","link":"https:\/\/weprint3.de\/index.php\/kleinserien\/","title":{"rendered":"Kleinserien"},"content":{"rendered":"<div class=\"wrapper1\">\n<img loading=\"lazy\" decoding=\"async\" class=\"aligncenter size-medium wp-image-1307\" src=\"https:\/\/weprint3.de\/wp-content\/uploads\/2020\/05\/KleinserieKabelhalter-300x259.jpg\" alt=\"\" width=\"300\" height=\"259\" srcset=\"https:\/\/weprint3.de\/wp-content\/uploads\/2020\/05\/KleinserieKabelhalter-300x259.jpg 300w, https:\/\/weprint3.de\/wp-content\/uploads\/2020\/05\/KleinserieKabelhalter.jpg 600w\" sizes=\"auto, (max-width: 300px) 100vw, 300px\" \/><img loading=\"lazy\" decoding=\"async\" class=\"aligncenter size-medium wp-image-1306\" src=\"https:\/\/weprint3.de\/wp-content\/uploads\/2020\/05\/KleinserieHaken-300x177.jpg\" alt=\"\" width=\"300\" height=\"177\" srcset=\"https:\/\/weprint3.de\/wp-content\/uploads\/2020\/05\/KleinserieHaken-300x177.jpg 300w, https:\/\/weprint3.de\/wp-content\/uploads\/2020\/05\/KleinserieHaken.jpg 600w\" sizes=\"auto, (max-width: 300px) 100vw, 300px\" \/><\/div>\n<div class=\"wrapper2\">Sie ben\u00f6tigen ein <strong>kosteng\u00fcnstiges<\/strong> Verfahren, um Ihre Kleinserie zu realisieren?<br \/>\nDank der 3D-Druckfertigung ist eine schnellere und kosteng\u00fcnstigere Produktion Ihrer Kleinserien m\u00f6glich.<br \/>\nMit Hilfe unserer Kleinserienfertigung k\u00f6nnen Sie bei Klein- bzw. Mittelserien (100 bis 5.000 St\u00fcck pro Jahr) je nach Bauteilgr\u00f6\u00dfe, Druckverfahren und Material sp\u00fcrbare Preisvorteile realisieren.<\/p>\n<p>Die Kleinserienfertigung ist auch ideal zur \u00dcberbr\u00fcckung der Produktionszeit bis zur sp\u00e4teren Serienfertigung.<\/p>\n<p>Sie haben viele Vorteile:<\/p>\n<ul>\n<li>Geringerer Materialverbrauch im Vergleich zu abtragenden Verfahren<\/li>\n<li>Auch gr\u00f6\u00dfere Mengen rechnen sich je nach Gr\u00f6\u00dfe des Objekts und<\/li>\n<li>Druckdauer im Vergleich zum Spritzguss schnell.<\/li>\n<li>Keine Gussformen und Werkzeuge n\u00f6tig.<\/li>\n<li>Besondere Konditionen bei gr\u00f6\u00dferen St\u00fcckzahlen.<\/li>\n<li>\u00c4nderungen in Technik und Design des Objekts sind auch kurzfristig und sogar noch w\u00e4hrend der Produktion m\u00f6glich.<\/li>\n<\/ul>\n<\/div>\n","protected":false},"excerpt":{"rendered":"<p>Sie ben\u00f6tigen ein kosteng\u00fcnstiges Verfahren, um Ihre Kleinserie zu realisieren? Dank der 3D-Druckfertigung ist eine schnellere und kosteng\u00fcnstigere Produktion Ihrer Kleinserien m\u00f6glich. Mit Hilfe unserer Kleinserienfertigung k\u00f6nnen Sie bei Klein- bzw. Mittelserien (100 bis 5.000 St\u00fcck pro Jahr) je nach &hellip; <a href=\"https:\/\/weprint3.de\/index.php\/kleinserien\/\"><br \/>Zu dieser Seite wechseln <span class=\"meta-nav\">&rarr;<\/span><\/a><\/p>\n","protected":false},"author":2,"featured_media":0,"parent":0,"menu_order":0,"comment_status":"closed","ping_status":"closed","template":"","meta":{"footnotes":""},"class_list":["post-70","page","type-page","status-publish","hentry"],"yoast_head":"<!-- This site is optimized with the Yoast SEO plugin v27.4 - https:\/\/yoast.com\/product\/yoast-seo-wordpress\/ -->\r\n<title>Kleinserien -<\/title>\r\n<meta name=\"robots\" content=\"index, follow, max-snippet:-1, max-image-preview:large, max-video-preview:-1\" \/>\r\n<link rel=\"canonical\" href=\"https:\/\/weprint3.de\/index.php\/kleinserien\/\" \/>\r\n<meta property=\"og:locale\" content=\"de_DE\" \/>\r\n<meta property=\"og:type\" content=\"article\" \/>\r\n<meta property=\"og:title\" content=\"Kleinserien -\" \/>\r\n<meta property=\"og:description\" content=\"Sie ben\u00f6tigen ein kosteng\u00fcnstiges Verfahren, um Ihre Kleinserie zu realisieren? Dank der 3D-Druckfertigung ist eine schnellere und kosteng\u00fcnstigere Produktion Ihrer Kleinserien m\u00f6glich. Mit Hilfe unserer Kleinserienfertigung k\u00f6nnen Sie bei Klein- bzw. Mittelserien (100 bis 5.000 St\u00fcck pro Jahr) je nach &hellip; Zu dieser Seite wechseln &rarr;\" \/>\r\n<meta property=\"og:url\" content=\"https:\/\/weprint3.de\/index.php\/kleinserien\/\" \/>\r\n<meta property=\"article:modified_time\" content=\"2020-05-28T12:46:50+00:00\" \/>\r\n<meta property=\"og:image\" content=\"https:\/\/weprint3.de\/wp-content\/uploads\/2020\/05\/KleinserieKabelhalter.jpg\" \/>\r\n\t<meta property=\"og:image:width\" content=\"600\" \/>\r\n\t<meta property=\"og:image:height\" content=\"518\" \/>\r\n\t<meta property=\"og:image:type\" content=\"image\/jpeg\" \/>\r\n<meta name=\"twitter:card\" content=\"summary_large_image\" \/>\r\n<meta name=\"twitter:label1\" content=\"Gesch\u00e4tzte Lesezeit\" \/>\n\t<meta name=\"twitter:data1\" content=\"1\u00a0Minute\" \/>\r\n<script type=\"application\/ld+json\" class=\"yoast-schema-graph\">{\"@context\":\"https:\\\/\\\/schema.org\",\"@graph\":[{\"@type\":\"WebPage\",\"@id\":\"https:\\\/\\\/weprint3.de\\\/index.php\\\/kleinserien\\\/\",\"url\":\"https:\\\/\\\/weprint3.de\\\/index.php\\\/kleinserien\\\/\",\"name\":\"Kleinserien -\",\"isPartOf\":{\"@id\":\"https:\\\/\\\/weprint3.de\\\/#website\"},\"primaryImageOfPage\":{\"@id\":\"https:\\\/\\\/weprint3.de\\\/index.php\\\/kleinserien\\\/#primaryimage\"},\"image\":{\"@id\":\"https:\\\/\\\/weprint3.de\\\/index.php\\\/kleinserien\\\/#primaryimage\"},\"thumbnailUrl\":\"https:\\\/\\\/weprint3.de\\\/wp-content\\\/uploads\\\/2020\\\/05\\\/KleinserieKabelhalter-300x259.jpg\",\"datePublished\":\"2016-08-26T18:34:41+00:00\",\"dateModified\":\"2020-05-28T12:46:50+00:00\",\"breadcrumb\":{\"@id\":\"https:\\\/\\\/weprint3.de\\\/index.php\\\/kleinserien\\\/#breadcrumb\"},\"inLanguage\":\"de\",\"potentialAction\":[{\"@type\":\"ReadAction\",\"target\":[\"https:\\\/\\\/weprint3.de\\\/index.php\\\/kleinserien\\\/\"]}]},{\"@type\":\"ImageObject\",\"inLanguage\":\"de\",\"@id\":\"https:\\\/\\\/weprint3.de\\\/index.php\\\/kleinserien\\\/#primaryimage\",\"url\":\"https:\\\/\\\/weprint3.de\\\/wp-content\\\/uploads\\\/2020\\\/05\\\/KleinserieKabelhalter.jpg\",\"contentUrl\":\"https:\\\/\\\/weprint3.de\\\/wp-content\\\/uploads\\\/2020\\\/05\\\/KleinserieKabelhalter.jpg\",\"width\":600,\"height\":518},{\"@type\":\"BreadcrumbList\",\"@id\":\"https:\\\/\\\/weprint3.de\\\/index.php\\\/kleinserien\\\/#breadcrumb\",\"itemListElement\":[{\"@type\":\"ListItem\",\"position\":1,\"name\":\"Startseite\",\"item\":\"https:\\\/\\\/weprint3.de\\\/\"},{\"@type\":\"ListItem\",\"position\":2,\"name\":\"Kleinserien\"}]},{\"@type\":\"WebSite\",\"@id\":\"https:\\\/\\\/weprint3.de\\\/#website\",\"url\":\"https:\\\/\\\/weprint3.de\\\/\",\"name\":\"WePrint3.De\",\"description\":\"\",\"publisher\":{\"@id\":\"https:\\\/\\\/weprint3.de\\\/#organization\"},\"potentialAction\":[{\"@type\":\"SearchAction\",\"target\":{\"@type\":\"EntryPoint\",\"urlTemplate\":\"https:\\\/\\\/weprint3.de\\\/?s={search_term_string}\"},\"query-input\":{\"@type\":\"PropertyValueSpecification\",\"valueRequired\":true,\"valueName\":\"search_term_string\"}}],\"inLanguage\":\"de\"},{\"@type\":\"Organization\",\"@id\":\"https:\\\/\\\/weprint3.de\\\/#organization\",\"name\":\"WePrint3.De\",\"url\":\"https:\\\/\\\/weprint3.de\\\/\",\"logo\":{\"@type\":\"ImageObject\",\"inLanguage\":\"de\",\"@id\":\"https:\\\/\\\/weprint3.de\\\/#\\\/schema\\\/logo\\\/image\\\/\",\"url\":\"https:\\\/\\\/weprint3.de\\\/wp-content\\\/uploads\\\/2019\\\/11\\\/W.png\",\"contentUrl\":\"https:\\\/\\\/weprint3.de\\\/wp-content\\\/uploads\\\/2019\\\/11\\\/W.png\",\"width\":90,\"height\":87,\"caption\":\"WePrint3.De\"},\"image\":{\"@id\":\"https:\\\/\\\/weprint3.de\\\/#\\\/schema\\\/logo\\\/image\\\/\"}}]}<\/script>\r\n<!-- \/ Yoast SEO plugin. -->","yoast_head_json":{"title":"Kleinserien -","robots":{"index":"index","follow":"follow","max-snippet":"max-snippet:-1","max-image-preview":"max-image-preview:large","max-video-preview":"max-video-preview:-1"},"canonical":"https:\/\/weprint3.de\/index.php\/kleinserien\/","og_locale":"de_DE","og_type":"article","og_title":"Kleinserien -","og_description":"Sie ben\u00f6tigen ein kosteng\u00fcnstiges Verfahren, um Ihre Kleinserie zu realisieren? Dank der 3D-Druckfertigung ist eine schnellere und kosteng\u00fcnstigere Produktion Ihrer Kleinserien m\u00f6glich. Mit Hilfe unserer Kleinserienfertigung k\u00f6nnen Sie bei Klein- bzw. Mittelserien (100 bis 5.000 St\u00fcck pro Jahr) je nach &hellip; Zu dieser Seite wechseln &rarr;","og_url":"https:\/\/weprint3.de\/index.php\/kleinserien\/","article_modified_time":"2020-05-28T12:46:50+00:00","og_image":[{"width":600,"height":518,"url":"https:\/\/weprint3.de\/wp-content\/uploads\/2020\/05\/KleinserieKabelhalter.jpg","type":"image\/jpeg"}],"twitter_card":"summary_large_image","twitter_misc":{"Gesch\u00e4tzte Lesezeit":"1\u00a0Minute"},"schema":{"@context":"https:\/\/schema.org","@graph":[{"@type":"WebPage","@id":"https:\/\/weprint3.de\/index.php\/kleinserien\/","url":"https:\/\/weprint3.de\/index.php\/kleinserien\/","name":"Kleinserien -","isPartOf":{"@id":"https:\/\/weprint3.de\/#website"},"primaryImageOfPage":{"@id":"https:\/\/weprint3.de\/index.php\/kleinserien\/#primaryimage"},"image":{"@id":"https:\/\/weprint3.de\/index.php\/kleinserien\/#primaryimage"},"thumbnailUrl":"https:\/\/weprint3.de\/wp-content\/uploads\/2020\/05\/KleinserieKabelhalter-300x259.jpg","datePublished":"2016-08-26T18:34:41+00:00","dateModified":"2020-05-28T12:46:50+00:00","breadcrumb":{"@id":"https:\/\/weprint3.de\/index.php\/kleinserien\/#breadcrumb"},"inLanguage":"de","potentialAction":[{"@type":"ReadAction","target":["https:\/\/weprint3.de\/index.php\/kleinserien\/"]}]},{"@type":"ImageObject","inLanguage":"de","@id":"https:\/\/weprint3.de\/index.php\/kleinserien\/#primaryimage","url":"https:\/\/weprint3.de\/wp-content\/uploads\/2020\/05\/KleinserieKabelhalter.jpg","contentUrl":"https:\/\/weprint3.de\/wp-content\/uploads\/2020\/05\/KleinserieKabelhalter.jpg","width":600,"height":518},{"@type":"BreadcrumbList","@id":"https:\/\/weprint3.de\/index.php\/kleinserien\/#breadcrumb","itemListElement":[{"@type":"ListItem","position":1,"name":"Startseite","item":"https:\/\/weprint3.de\/"},{"@type":"ListItem","position":2,"name":"Kleinserien"}]},{"@type":"WebSite","@id":"https:\/\/weprint3.de\/#website","url":"https:\/\/weprint3.de\/","name":"WePrint3.De","description":"","publisher":{"@id":"https:\/\/weprint3.de\/#organization"},"potentialAction":[{"@type":"SearchAction","target":{"@type":"EntryPoint","urlTemplate":"https:\/\/weprint3.de\/?s={search_term_string}"},"query-input":{"@type":"PropertyValueSpecification","valueRequired":true,"valueName":"search_term_string"}}],"inLanguage":"de"},{"@type":"Organization","@id":"https:\/\/weprint3.de\/#organization","name":"WePrint3.De","url":"https:\/\/weprint3.de\/","logo":{"@type":"ImageObject","inLanguage":"de","@id":"https:\/\/weprint3.de\/#\/schema\/logo\/image\/","url":"https:\/\/weprint3.de\/wp-content\/uploads\/2019\/11\/W.png","contentUrl":"https:\/\/weprint3.de\/wp-content\/uploads\/2019\/11\/W.png","width":90,"height":87,"caption":"WePrint3.De"},"image":{"@id":"https:\/\/weprint3.de\/#\/schema\/logo\/image\/"}}]}},"_links":{"self":[{"href":"https:\/\/weprint3.de\/index.php\/wp-json\/wp\/v2\/pages\/70","targetHints":{"allow":["GET"]}}],"collection":[{"href":"https:\/\/weprint3.de\/index.php\/wp-json\/wp\/v2\/pages"}],"about":[{"href":"https:\/\/weprint3.de\/index.php\/wp-json\/wp\/v2\/types\/page"}],"author":[{"embeddable":true,"href":"https:\/\/weprint3.de\/index.php\/wp-json\/wp\/v2\/users\/2"}],"replies":[{"embeddable":true,"href":"https:\/\/weprint3.de\/index.php\/wp-json\/wp\/v2\/comments?post=70"}],"version-history":[{"count":0,"href":"https:\/\/weprint3.de\/index.php\/wp-json\/wp\/v2\/pages\/70\/revisions"}],"wp:attachment":[{"href":"https:\/\/weprint3.de\/index.php\/wp-json\/wp\/v2\/media?parent=70"}],"curies":[{"name":"wp","href":"https:\/\/api.w.org\/{rel}","templated":true}]}}